{"id":62,"date":"2020-06-09T14:13:17","date_gmt":"2020-06-09T14:13:17","guid":{"rendered":"https:\/\/aeserradaestrela.com\/site\/?page_id=62"},"modified":"2026-05-11T09:15:09","modified_gmt":"2026-05-11T09:15:09","slug":"associe-se","status":"publish","type":"page","link":"https:\/\/aeserradaestrela.com\/site\/associe-se\/","title":{"rendered":"Associe-se"},"content":{"rendered":"\r\n<h4 class=\"wp-block-heading\">Vantagens de ser associado:<\/h4>\r\n\r\n\r\n\r\n<p>Servi\u00e7os prestados aos associados:<\/p>\r\n<ul>\r\n<li style=\"text-align: justify;\">Circulares Informativas<\/li>\r\n<li style=\"text-align: justify;\">Consultoria e Forma\u00e7\u00e3o para Empresas, atrav\u00e9s de projetos co-financiados<\/li>\r\n<li style=\"text-align: justify;\">Forma\u00e7\u00e3o Profissional Gratuita<\/li>\r\n<li style=\"text-align: justify;\">Sistema Coletivo de Seguran\u00e7a<\/li>\r\n<li style=\"text-align: justify;\">Protocolo com Empresa de Higiene e Seguran\u00e7a no Trabalho<\/li>\r\n<li style=\"text-align: justify;\">Apoio Jur\u00eddico (Protocolo com Sociedade de Advogados)<\/li>\r\n<li style=\"text-align: justify;\">Projetos de Investimento<\/li>\r\n<li style=\"text-align: justify;\">Elabora\u00e7\u00e3o de Candidaturas<\/li>\r\n<li style=\"text-align: justify;\">Servi\u00e7o de Fotoc\u00f3pias<\/li>\r\n<li style=\"text-align: justify;\">Tabelas de Pre\u00e7o<\/li>\r\n<li style=\"text-align: justify;\">Venda de Livros de Reclama\u00e7\u00f5es<\/li>\r\n<li style=\"text-align: justify;\">Venda de Livros de Registo e Livretes Individuais (Lics) de Controlo para Pessoal Afeto \u00e0 Expl. de Ve\u00edculos<\/li>\r\n<\/ul>\r\n<p>&nbsp;<\/p>\r\n\r\n\r\n\r\n<h4 class=\"wp-block-heading\">Custo Anual<\/h4>\r\n\r\n\r\n\r\n<p>A quota anual \u00e9 de 40\u20ac.<\/p>\r\n\r\n\r\n\r\n<h4 class=\"wp-block-heading\">Ficha de Inscri\u00e7\u00e3o<\/h4>\r\n\r\n\r\n\r\n<p>Descarregue e preencha a ficha de inscri\u00e7\u00e3o. Entregue-a nas nossas instala\u00e7\u00f5es.<a href=\"https:\/\/www.aeserradaestrela.com\/images\/informacoes\/Ficha-de-inscricao-para-Associado.pdf\" target=\"_blank\" rel=\"noreferrer noopener\"><br \/>Ficha de inscri\u00e7\u00e3o para download<\/a><\/p>\r\n","protected":false},"excerpt":{"rendered":"<p>Vantagens de ser associado: Servi\u00e7os prestados aos associados: Circulares Informativas Consultoria e Forma\u00e7\u00e3o para Empresas, atrav\u00e9s de projetos co-financiados Forma\u00e7\u00e3o Profissional Gratuita Sistema Coletivo de Seguran\u00e7a Protocolo com Empresa de Higiene e Seguran\u00e7a no Trabalho Apoio Jur\u00eddico (Protocolo com Sociedade de Advogados) Projetos de Investimento Elabora\u00e7\u00e3o de Candidaturas Servi\u00e7o de Fotoc\u00f3pias Tabelas de Pre\u00e7o Venda&hellip;&nbsp;<a href=\"https:\/\/aeserradaestrela.com\/site\/associe-se\/\" class=\"\" rel=\"bookmark\">Read More &raquo;<span class=\"screen-reader-text\">Associe-se<\/span><\/a><\/p>\n","protected":false},"author":1,"featured_media":0,"parent":0,"menu_order":0,"comment_status":"closed","ping_status":"closed","template":"","meta":{"footnotes":""},"class_list":["post-62","page","type-page","status-publish","hentry"],"_links":{"self":[{"href":"https:\/\/aeserradaestrela.com\/site\/wp-json\/wp\/v2\/pages\/62","targetHints":{"allow":["GET"]}}],"collection":[{"href":"https:\/\/aeserradaestrela.com\/site\/wp-json\/wp\/v2\/pages"}],"about":[{"href":"https:\/\/aeserradaestrela.com\/site\/wp-json\/wp\/v2\/types\/page"}],"author":[{"embeddable":true,"href":"https:\/\/aeserradaestrela.com\/site\/wp-json\/wp\/v2\/users\/1"}],"replies":[{"embeddable":true,"href":"https:\/\/aeserradaestrela.com\/site\/wp-json\/wp\/v2\/comments?post=62"}],"version-history":[{"count":10,"href":"https:\/\/aeserradaestrela.com\/site\/wp-json\/wp\/v2\/pages\/62\/revisions"}],"predecessor-version":[{"id":827,"href":"https:\/\/aeserradaestrela.com\/site\/wp-json\/wp\/v2\/pages\/62\/revisions\/827"}],"wp:attachment":[{"href":"https:\/\/aeserradaestrela.com\/site\/wp-json\/wp\/v2\/media?parent=62"}],"curies":[{"name":"wp","href":"https:\/\/api.w.org\/{rel}","templated":true}]}}