{"id":59,"date":"2020-06-09T14:12:49","date_gmt":"2020-06-09T14:12:49","guid":{"rendered":"https:\/\/aeserradaestrela.com\/site\/?page_id=59"},"modified":"2026-05-13T13:48:49","modified_gmt":"2026-05-13T13:48:49","slug":"orgaos-sociais","status":"publish","type":"page","link":"https:\/\/aeserradaestrela.com\/site\/orgaos-sociais\/","title":{"rendered":"Org\u00e3os Sociais"},"content":{"rendered":"<p style=\"text-align: center;\" align=\"center\"><span style=\"font-size: large;\"><b>CORPOS GERENTES \u2013 TRI\u00c9NIO 2026\/29<\/b><\/span><\/p>\n<p class=\"font_8\">ASSEMBLEIA GERAL<\/p>\n<p class=\"font_8\">PRESIDENTE \u2013 Elena Valente \u2013 Muito Menos, Lda.<br \/>\nVICE-PRESIDENTE \u2013 Jorge Leit\u00e3o \u2013 Penedus Serranus, Lda<br \/>\nSECRET\u00c1RIO \u2013 Carla Cabral \u2013 Movisei, Lda.<\/p>\n<p class=\"font_8\">\u200b<\/p>\n<p class=\"font_8\">DIRE\u00c7\u00c3O<\/p>\n<p class=\"font_8\">PRESIDENTE \u2013 Lu\u00eds Seabra \u2013 Seabra &amp; Campos, Lda.<br \/>\nVICE-PRESIDENTE \u2013 Ricardo Cabral \u2013 O Abrigo da Montanha<br \/>\nVICE-PRESIDENTE \u2013 Marco Coelho \u2013 Luxius Contabilidade e Consultoria, Lda.<br \/>\nSECRET\u00c1RIO \u2013 Ricardo Ramos \u2013 Quintas de Seia, Lda.<br \/>\nTESOUREIRO \u2013 Ant\u00f3nio Daniel \u2013 Decdanicris, Lda.<br \/>\n1o VOGAL \u2013 Ricardo Esteves \u2013 Utildecor, Lda.<br \/>\n2o VOGAL \u2013 Fernando Garcia \u2013 Sempreviva, Lda.<br \/>\n3o VOGAL \u2013 Ana Fraga \u2013 Fumeiro Serra da Estrela, Lda.<br \/>\n4o VOGAL \u2013 Carolina Martins \u2013 As Padeirinhas da Estrela, Lda.<\/p>\n<p class=\"font_8\">\u200b<\/p>\n<p class=\"font_8\">CONSELHO FISCAL<\/p>\n<p class=\"font_8\">PRESIDENTE \u2013 Paulo Cruz \u2013 Maquiseia, Lda.<br \/>\nVICE-PRESIDENTE \u2013 Ruben Costa \u2013 Moloni, Lda.<br \/>\nRELATOR \u2013 Ant\u00f3nio Gon\u00e7alves &#8211; Gera\u00e7\u00e3o Fidedigna, Lda.<br \/>\n1o VOGAL \u2013 Armando Pereira \u2013 A.P. Barbeiros Unipessoal, lda.<br \/>\n2o VOGAL \u2013 Sara Santos \u2013 Cl\u00ednica Dent\u00e1ria de S\u00e3o Rom\u00e3o<\/p>\n","protected":false},"excerpt":{"rendered":"<p>CORPOS GERENTES \u2013 TRI\u00c9NIO 2026\/29 ASSEMBLEIA GERAL PRESIDENTE \u2013 Elena Valente \u2013 Muito Menos, Lda. VICE-PRESIDENTE \u2013 Jorge Leit\u00e3o \u2013 Penedus Serranus, Lda SECRET\u00c1RIO \u2013 Carla Cabral \u2013 Movisei, Lda. \u200b DIRE\u00c7\u00c3O PRESIDENTE \u2013 Lu\u00eds Seabra \u2013 Seabra &amp; Campos, Lda. VICE-PRESIDENTE \u2013 Ricardo Cabral \u2013 O Abrigo da Montanha VICE-PRESIDENTE \u2013 Marco Coelho \u2013&hellip;&nbsp;<a href=\"https:\/\/aeserradaestrela.com\/site\/orgaos-sociais\/\" class=\"\" rel=\"bookmark\">Read More &raquo;<span class=\"screen-reader-text\">Org\u00e3os Sociais<\/span><\/a><\/p>\n","protected":false},"author":1,"featured_media":0,"parent":0,"menu_order":0,"comment_status":"closed","ping_status":"closed","template":"","meta":{"footnotes":""},"class_list":["post-59","page","type-page","status-publish","hentry"],"_links":{"self":[{"href":"https:\/\/aeserradaestrela.com\/site\/wp-json\/wp\/v2\/pages\/59","targetHints":{"allow":["GET"]}}],"collection":[{"href":"https:\/\/aeserradaestrela.com\/site\/wp-json\/wp\/v2\/pages"}],"about":[{"href":"https:\/\/aeserradaestrela.com\/site\/wp-json\/wp\/v2\/types\/page"}],"author":[{"embeddable":true,"href":"https:\/\/aeserradaestrela.com\/site\/wp-json\/wp\/v2\/users\/1"}],"replies":[{"embeddable":true,"href":"https:\/\/aeserradaestrela.com\/site\/wp-json\/wp\/v2\/comments?post=59"}],"version-history":[{"count":8,"href":"https:\/\/aeserradaestrela.com\/site\/wp-json\/wp\/v2\/pages\/59\/revisions"}],"predecessor-version":[{"id":836,"href":"https:\/\/aeserradaestrela.com\/site\/wp-json\/wp\/v2\/pages\/59\/revisions\/836"}],"wp:attachment":[{"href":"https:\/\/aeserradaestrela.com\/site\/wp-json\/wp\/v2\/media?parent=59"}],"curies":[{"name":"wp","href":"https:\/\/api.w.org\/{rel}","templated":true}]}}